{"id":903,"date":"2024-02-24T13:43:00","date_gmt":"2024-02-24T12:43:00","guid":{"rendered":"https:\/\/simply-learn.de\/shop\/?post_type=product&#038;p=903"},"modified":"2026-01-03T10:49:41","modified_gmt":"2026-01-03T09:49:41","slug":"paket-sgu-pruefung-flex-1-inhouse-dok-017-online-training-flexibler-pruefungstermin-flexibler-pruefungsort-sgu-pruefung","status":"publish","type":"product","link":"https:\/\/simply-learn.de\/shop\/produkt\/paket-sgu-pruefung-flex-1-inhouse-dok-017-online-training-flexibler-pruefungstermin-flexibler-pruefungsort-sgu-pruefung\/","title":{"rendered":"Paket Flex-1 &#8211; Online-Training + flexibler Pr\u00fcfungstermin + flexibler Pr\u00fcfungsort + SCC-VAZ 2021 Pr\u00fcfung Dok.017"},"content":{"rendered":"<h1>Schulung und Inhouse-Pr\u00fcfung &#8211; schon ab einer 1 Person!<\/h1>\n<h2>Zuhause ungest\u00f6rt online lernen und erfolgreich Pr\u00fcfung absolvieren!<\/h2>\n<p>Lernen Sie effektiv und effizient mit Simply Learn, wann und wo Sie wollen.<br \/>\nOnlinelernformen bieten Ihnen die M\u00f6glichkeit, individuell zu entscheiden, wann Sie wie viel des Stoffs durcharbeiten. Das macht aufnahmef\u00e4higer und beeinflusst den Lernprozess nachhaltig, anstatt bei einer festgelegten Pr\u00e4senz-Veranstaltung \u00fcber einen bestimmten Zeitraum konzentriert sein zu m\u00fcssen.<\/p>\n<p>Der webbasierte Online-Kurs kann eigenst\u00e4ndig durchgef\u00fchrt werden. Bei Bedarf steht technischer oder fachlicher Support telefonisch zur Verf\u00fcgung.<\/p>\n<p>Das Zertifizierungssystem SCC (Safety Certificate Contractors) wurde speziell f\u00fcr die sehr hohen Sicherheitsanforderungen der chemischen und mineral\u00f6lverarbeitenden Industriebetriebe an die auf ihrem Gel\u00e4nde arbeitenden Fremdfirmen entwickelt.<\/p>\n<p>Die webbasierte Pr\u00fcfungsvorbereitung umfasst 14 Themenmodule, die mit kurzen Multiple-Choice-Tests abschlie\u00dfen und zahlreiche Interaktionen, didaktisch reduzierte Lehrinhalte, Quizze und moderne Frage- und Vermittlungsformen enth\u00e4lt.<\/p>\n<p>Diese Schulungsinhalte sind in unserem Tool detailliert dargestellt. Anhand von 14 Sachgebieten bzw. Modulen k\u00f6nnen sich F\u00fchrungskr\u00e4fte und Mitarbeiter effektiv auf die anerkannte Pr\u00fcfung gem\u00e4\u00df Dokument 017 vorbereiten. Bei freier Zeiteinteilung bestimmen die Teilnehmenden ihr Lerntempo und \u00fcberpr\u00fcfen mithilfe kurzer Wissenskontrollen am Ende des jeweiligen Moduls Ihren Lernerfolg. Die einzelnen Module sind inhaltlich abgeschlossen und k\u00f6nnen unabh\u00e4ngig von der Reihenfolge absolviert werden.<\/p>\n<ul>\n<li>Jeder Teilnehmende erh\u00e4lt individuelle Zugangsdaten, mit denen er sich flexibel und in eigener Zeiteinteilung auf die SCC-Pr\u00fcfung gem. Dok. 017 v<\/li>\n<li>Die SCC-Remotepr\u00fcfung gem. Dok. 017 erfolgt durch eine Zertifizierungsgesellschaft f\u00fcr Personal<\/li>\n<li>Die Zulassung zur anerkannten SCC-Pr\u00e4senzpr\u00fcfung gem. Dok. 017 erfordert einen separaten Antrag bei der Zertifizierungsstelle f\u00fcr Personal.<\/li>\n<li>Wenn die Eingangsvoraussetzungen erf\u00fcllt sind, ist es m\u00f6glich, die SGU-Pr\u00fcfung auch ohne vorherige Schulung abzulegen. Bei Bestehen der Pr\u00fcfung und Erf\u00fcllung aller Voraussetzungen k\u00f6nnen Sie das SGU-Zertifikat erhalten. Dieses Personalzertifikat ist ein Baustein f\u00fcr die Betriebszertifizierung und Nachweis f\u00fcr sicheres Arbeiten gegen\u00fcber Auftraggebern.<\/li>\n<\/ul>\n<p><strong>Nutzen<\/strong><\/p>\n<ul>\n<li>Sie absolvieren die von Kontraktoren geforderte SCC-VAZ 2021 Pr\u00fcfung f\u00fcr F\u00fchrungskr\u00e4fte<\/li>\n<li>Sie weisen Know-how im Bereich Arbeitssicherheit, Gesundheits- und Umweltschutz nach.<\/li>\n<li>Sie schaffen die Voraussetzung f\u00fcr eine Unternehmenszertifizierung nach SCC.<\/li>\n<li>SGU-Pr\u00fcfung durch akkreditierte Personalzertifizierungsstelle<\/li>\n<li>Zertifikat mit 5-j\u00e4hriger G\u00fcltigkeit<\/li>\n<li>Online-Schulung kann innerhalb von ca. 6-8 Stunden absolviert werden<\/li>\n<\/ul>\n<p><strong>Online-Lehrgangsinhalte<\/strong><\/p>\n<ul>\n<li>Arbeitsschutzgesetzgebung und -\u00fcberwachung<\/li>\n<li>Unfallursachen und Verhalten bei Unf\u00e4llen<\/li>\n<li>Umgang mit Gefahrstoffen<\/li>\n<li>Arbeiten auf hoch und tief gelegenen Arbeitspl\u00e4tzen \/ Arbeitserlaubnis und Arbeiten in geschlossenen R\u00e4umen<\/li>\n<li>Einsatz von Arbeitsmitteln<\/li>\n<li>F\u00f6rder- und Hebetechnik, Verkehrswege\/ Pers\u00f6nliche Schutzausr\u00fcstung \/ Pr\u00fcfung<\/li>\n<\/ul>\n<p><strong>Lehrgangsziel<\/strong><\/p>\n<p>Sie bereiten sich zeit- und ortsunabh\u00e4ngig auf die SGU-Pr\u00fcfung des SCC-Regelwerkes vor.<\/p>\n<p><strong>Eingangsvoraussetzungen<\/strong><\/p>\n<p>Folgende Systemvoraussetzungen sind notwendig:<\/p>\n<ul>\n<li>PC, Laptop, Smartphone, Tablett mit Internetverbindung und Web-Browser<\/li>\n<li>Um Ihnen einen Zugang zu der Online-Schulung zur Verf\u00fcgung stellen zu k\u00f6nnen, ist eine personenbezogene E-Mail-Adresse Voraussetzung.<\/li>\n<li>Nach Angebotsannahme und Zusendung der Teilnehmerdaten erh\u00e4lt jeder Teilnehmende eine bis zum Pr\u00fcfungstermin beschr\u00e4nkte, personalisierte Lizenz zur Nutzung der E-Learning-Kursinhalte.<\/li>\n<\/ul>\n<p>Die Voraussetzung zur Teilnahme an der SGU-Pr\u00fcfung sind f\u00fcr operativ t\u00e4tige F\u00fchrungskr\u00e4fte bzw. Mitarbeiter nach Dok. 017\/018 eine abgeschlossene Berufsausbildung gem\u00e4\u00df Berufsbildungsgesetz (BBiG) bzw. eine gleichwertige oder h\u00f6herwertige Ausbildung. Als Nachweis der Berufsausbildung kann alternativ eine Bescheinigung, in der mit folgendem Text best\u00e4tigt werden sollte, dass der Teilnehmer seit mind. 3 Jahren in Ihrem Unternehmen oder in einem anderen Unternehmen in Deutschland besch\u00e4ftigt ist, eingereicht werden.<\/p>\n<p><strong><em>Text f\u00fcr die Best\u00e4tigung der mind. 3-j\u00e4hrigen Berufserfahrung in einem Ausbildungsberuf:<\/em><\/strong><\/p>\n<p>\u2014 hiermit best\u00e4tigen wir, dass Herr xxxxxx, geb. am \u2026 in der Zeit von \u2026 bis \u2026 aufgrund seiner Berufserfahrung in unserem Unternehmen in Deutschland in dem staatlich anerkannten Ausbildungsberuf xxxxx F\u00e4higkeiten erworben hat, die \u00fcblicherweise denen von Personen der h\u00f6heren Qualifikationsgruppe 4 gem. Anlage 13 SGB VI entsprechen und damit Kenntnisse im deutschen Arbeitsschutz und Umweltschutz besitzt \u2013<\/p>\n<h3>Dieses Paket beinhaltet:<\/h3>\n<p>Im Mittelpunkt dieses Onlinetrainings steht die schnelle und preisg\u00fcnstige Vorbereitung unter Einsatz von Interaktivit\u00e4t, Multimedia und Kontrollfragen auf die SCC-VAZ 2021 Pr\u00fcfung<sup>4<\/sup> zum Wunschtermin und Inhouse<sup>3<\/sup> bei Ihnen.<\/p>\n<p>Unser E-Learning erspart Kosten und Sie k\u00f6nnen das Training flexibel an Ihren eigenen Zeitplan anpassen.<br \/>\nSie bestimmen Ihr Lerntempo selbst und testen Ihr Wissen anhand originaler Pr\u00fcfungsfragen.<\/p>\n<p>Zugang zu unserer webbasierten Pr\u00fcfungsvorbereitung. Pr\u00fcfungstermin und Pr\u00fcfungsort<sup>3<\/sup> nach Ihrem Wunsch inkl. der SGU Pr\u00fcfung<sup>4<\/sup> nach Dok. 017.<\/p>\n<p><strong>Bereits ab einer Person f\u00fcr nur 349,00 EUR.<\/strong><\/p>\n<p>Die Pr\u00fcfungsabnahme erfolgt durch eine DAkkS akkreditierte Zertifizierungsstelle.<br \/>\nNach Buchung erh\u00e4lt jeder Teilnehmende eine personalisierte Lizenz zur Nutzung der interaktiven E-Learning Kursinhalte.<\/p>\n<ul>\n<li>Zugang zu unserer webbasierten Pr\u00fcfungsvorbereitung<sup>1<\/sup>.<\/li>\n<li><strong><em>Wunschpr\u00fcfungstermin<sup>2<\/sup><\/em><\/strong> und <strong><em>Wunschpr\u00fcfungsort<sup>3<\/sup><\/em><\/strong><\/li>\n<li>Die Pauschale gilt f\u00fcr einen Pr\u00fcfungseinsatz (SGU-Pr\u00fcfung ab 1 Person an einem Standort zu einem vereinbarten Termin)<\/li>\n<li>Am abgestimmten Pr\u00fcfungstermin wird die <strong>SGU-Pr\u00fcfung an Ihrem Wunschort<sup>6<\/sup><\/strong> durchgef\u00fchrt.<\/li>\n<li>Die Pr\u00fcfungsabnahme erfolgt durch eine <strong>Zertifizierungsstelle f\u00fcr Personal<\/strong><\/li>\n<\/ul>\n<p><sup>1 <\/sup>nach Buchung erh\u00e4lt jeder Teilnehmende eine zeitlich beschr\u00e4nkte Lizenz zur Nutzung der E-Learning Kursinhalte<\/p>\n<p><sup>2<\/sup> nach vorheriger telefonischer individueller Abstimmung (Montag \u2013 Samstag; 08:00 \u2013 20:00 Uhr).<\/p>\n<p><sup>3<\/sup> beschr\u00e4nkt auf folgende St\u00e4dte in NRW: Bottrop, Dinslaken, Duisburg, D\u00fcsseldorf, Dorsten, Essen, Gelsenkirchen, M\u00fclheim an der Ruhr, Oberhausen<\/p>\n<p><sup>4 <\/sup>SGU-Pr\u00fcfungen werden mit pers\u00f6nlicher Pr\u00e4senz durchgef\u00fchrt (Dok. 017 &#8211; 105 Min.).<\/p>\n<p><sup>5 <\/sup>Es fallen <strong>keine<\/strong> zus\u00e4tzlichen Kosten (Reisekosten\/Spesen\/Unterkunft, etc.) an.<\/p>\n<p><sup>6 <\/sup>F\u00fcr die Durchf\u00fchrung der Veranstaltung\/SGU-Pr\u00fcfung ist eine Raumgr\u00f6\u00dfe von 4qm\/Person in Deutschland unabdingbar notwendig.<\/p>\n<p>&nbsp;<\/p>\n<p><strong>Preisbildung:<\/strong><\/p>\n<p>Geb\u00fchr f\u00fcr die Online-Schulung und sonstiger Kosten: 220,00 \u20ac zzgl. 19% MwSt.<\/p>\n<p>Geb\u00fchr f\u00fcr die SGU-Pr\u00fcfung: 129,00 \u20ac zzgl. 19% MwSt.<\/p>\n\n<h3>Paket jetzt buchen (Angaben zum Teilnehmenden)<\/h3>\n<p>An dieser Stelle k\u00f6nnen Sie den SCC Pr\u00fcfungstermin f\u00fcr den Nutzer des Lerntools und die Daten des Nutzers mit Angabe von Vor- und Nachname eingeben.<br>Tragen Sie die Daten des Teilnehmenden ein, dem die Zugangsdaten zugeschickt werden sollen.<\/p>\n<form method=\"post\">\n\t<input type=\"hidden\" name=\"wwz_add_to_cart\">\n\t<input type=\"hidden\" name=\"product_id\" value=\"903\">\n\t\t\t\t<p><strong>Geben Sie Ihren gew\u00fcnschten Pr\u00fcfungstermin ein<\/strong><\/p>\n\t\t<label>Datum<\/label>\n\t\t<input type=\"date\" name=\"wunschdatum\" value=\"\" required>\n\t\t<label>Uhrzeit<\/label>\n\t\t<input type=\"time\" name=\"wunschzeit\" value=\"\" required>\n\t\t<br>\n\t\t\t\t<p><strong>Geben Sie Ihre gew\u00fcnschte Pr\u00fcfungsadresse ein<\/strong><\/p>\n\t\t<label>Stra\u00dfe + Haus-Nr.<\/label>\n\t\t<input type=\"text\" name=\"strasse\" value=\"\" required>\n\t\t<label>Postleitzahl<\/label>\n\t\t<input type=\"text\" name=\"plz\" value=\"\" required>\n\t\t<label>Ort<\/label>\n\t\t<input type=\"text\" name=\"ort\" value=\"\" required>\n\t\t<br>\n\t\t<p><strong>Tragen Sie die Daten der Personen ein, die Sie hinzuf\u00fcgen m\u00f6chten<\/strong><\/p>\n\t<table>\n\t\t<tr>\n\t\t\t<th>\n\t\t\t\tVorname\t\t\t<\/th>\n\t\t\t<th>\n\t\t\t\tNachname\t\t\t<\/th>\n\t\t<\/tr>\n\t\t<tr>\n\t\t\t<td>\n\t\t\t\t<input type=\"text\" name=\"vorname[]\" placeholder=\"Vorname\" required>\n\t\t\t<\/td>\n\t\t\t<td>\n\t\t\t\t<input type=\"text\" name=\"nachname[]\" placeholder=\"Nachname\" required>\n\t\t\t<\/td>\n\t\t<\/tr>\n\t\t<tr>\n\t\t\t<td>\n\t\t\t\t<input type=\"text\" name=\"vorname[]\" placeholder=\"Vorname\">\n\t\t\t<\/td>\n\t\t\t<td>\n\t\t\t\t<input type=\"text\" name=\"nachname[]\" placeholder=\"Nachname\">\n\t\t\t<\/td>\n\t\t<\/tr>\n\t\t<tr>\n\t\t\t<td>\n\t\t\t\t<input type=\"text\" name=\"vorname[]\" placeholder=\"Vorname\">\n\t\t\t<\/td>\n\t\t\t<td>\n\t\t\t\t<input type=\"text\" name=\"nachname[]\" placeholder=\"Nachname\">\n\t\t\t<\/td>\n\t\t<\/tr>\n\t\t<tr>\n\t\t\t<td>\n\t\t\t\t<input type=\"text\" name=\"vorname[]\" placeholder=\"Vorname\">\n\t\t\t<\/td>\n\t\t\t<td>\n\t\t\t\t<input type=\"text\" name=\"nachname[]\" placeholder=\"Nachname\">\n\t\t\t<\/td>\n\t\t<\/tr>\n\t\t<tr>\n\t\t\t<td>\n\t\t\t\t<input type=\"text\" name=\"vorname[]\" placeholder=\"Vorname\">\n\t\t\t<\/td>\n\t\t\t<td>\n\t\t\t\t<input type=\"text\" name=\"nachname[]\" placeholder=\"Nachname\">\n\t\t\t<\/td>\n\t\t<\/tr>\n\t<\/table>\n<!-- \t<label>Vorname: <\/label>\n\t<input type=\"text\" name=\"vorname[]\" placeholder=\"Vorname\" required>\n\t<label>Nachname: <\/label>\n\t<input type=\"text\" name=\"nachname[]\" placeholder=\"Nachname\" required>\n\t<br>\n -->\t<button type=\"submit\">\n\t\tUnverbindlich hinzuf\u00fcgen\t<\/button>\n<\/form>\n\n\n\r\n<h3>\u00dcbersicht Ihrer bisherigen Buchungen<\/h3>\r\n<div class=\"wwz-custom-cart\">\r\n\t\t\t<p>Keine Buchungen gefunden<\/p>\r\n\t<\/div>\r\n\r\n\r\n","protected":false},"excerpt":{"rendered":"<p>Schulung und Inhouse-Pr\u00fcfung &#8211; schon ab einer 1 Person! Zuhause ungest\u00f6rt online lernen und erfolgreich Pr\u00fcfung absolvieren! Lernen Sie effektiv und effizient mit Simply Learn, wann und wo Sie wollen. Onlinelernformen bieten Ihnen die M\u00f6glichkeit, individuell zu entscheiden, wann Sie wie viel des Stoffs durcharbeiten. Das macht aufnahmef\u00e4higer und beeinflusst den Lernprozess nachhaltig, anstatt bei [&hellip;]<\/p>\n","protected":false},"featured_media":1131,"template":"","meta":{"_wasitools_body_class":""},"product_brand":[],"product_cat":[38],"product_tag":[],"class_list":{"0":"post-903","1":"product","2":"type-product","3":"status-publish","4":"has-post-thumbnail","6":"product_cat-pruefung-dok-017","8":"first","9":"instock","10":"downloadable","11":"virtual","12":"taxable","13":"purchasable","14":"product-type-simple","15":"czr-hentry"},"jetpack_sharing_enabled":true,"_links":{"self":[{"href":"https:\/\/simply-learn.de\/shop\/wp-json\/wp\/v2\/product\/903","targetHints":{"allow":["GET"]}}],"collection":[{"href":"https:\/\/simply-learn.de\/shop\/wp-json\/wp\/v2\/product"}],"about":[{"href":"https:\/\/simply-learn.de\/shop\/wp-json\/wp\/v2\/types\/product"}],"wp:featuredmedia":[{"embeddable":true,"href":"https:\/\/simply-learn.de\/shop\/wp-json\/wp\/v2\/media\/1131"}],"wp:attachment":[{"href":"https:\/\/simply-learn.de\/shop\/wp-json\/wp\/v2\/media?parent=903"}],"wp:term":[{"taxonomy":"product_brand","embeddable":true,"href":"https:\/\/simply-learn.de\/shop\/wp-json\/wp\/v2\/product_brand?post=903"},{"taxonomy":"product_cat","embeddable":true,"href":"https:\/\/simply-learn.de\/shop\/wp-json\/wp\/v2\/product_cat?post=903"},{"taxonomy":"product_tag","embeddable":true,"href":"https:\/\/simply-learn.de\/shop\/wp-json\/wp\/v2\/product_tag?post=903"}],"curies":[{"name":"wp","href":"https:\/\/api.w.org\/{rel}","templated":true}]}}